dreds digit of 662013?
0
What is the thousands digit of 421426?
1
What is the hundreds digit of 387921?
9
What is the hundreds digit of 1030186?
1
What is the units digit of 29528?
8
What is the units digit of 3766635?
5
What is the hundred thousands digit of 426354?
4
What is the hundred thousands digit of 14342668?
3
What is the tens digit of 1924843?
4
What is the thousands digit of 2532895?
2
What is the tens digit of 1274144?
4
What is the millions digit of 1615444?
1
What is the millions digit of 19606037?
9
What is the hundreds digit of 218891?
8
What is the units digit of 20429?
9
What is the millions digit of 25932749?
5
What is the ten thousands digit of 123470?
2
What is the hundreds digit of 3916340?
3
What is the hundreds digit of 999765?
7
What is the thousands digit of 2938131?
8
What is the hundred thousands digit of 292289?
2
What is the units digit of 660029?
9
What is the thousands digit of 98223?
8
What is the hundreds digit of 286888?
8
What is the hundreds digit of 179208?
2
What is the hundreds digit of 369070?
0
What is the thousands digit of 154618?
4
What is the hundreds digit of 4260738?
7
What is the units digit of 1169054?
4
What is the thousands digit of 205461?
5
What is the ten thousands digit of 941080?
4
What is the hundreds digit of 261899?
8
What is the thousands digit of 4296?
4
What is the thousands digit of 6496023?
6
What is the ten thousands digit of 6599940?
9
What is the units digit of 384803?
3
What is the units digit of 152789?
9
What is the hundreds digit of 1214120?
1
What is the ten thousands digit of 2175122?
7
What is the thousands digit of 131998?
1
What is the tens digit of 1484984?
8
What is the units digit of 2011982?
2
What is the ten thousands digit of 31536560?
3
What is the units digit of 40461?
1
What is the units digit of 35453820?
0
What is the hundreds digit of 209331?
3
What is the ten thousands digit of 401058?
0
What is the millions digit of 1440062?
1
What is the units digit of 1176?
6
What is the millions digit of 2869674?
2
What is the thousands digit of 566024?
6
What is the tens digit of 642781?
8
What is the ten thousands digit of 1340071?
4
What is the tens digit of 9160?
6
What is the units digit of 210660?
0
What is the hundred thousands digit of 4199332?
1
What is the thousands digit of 102527?
2
What is the thousands digit of 9329341?
9
What is the thousands digit of 1303820?
3
What is the thousands digit of 11003959?
3
What is the thousands digit of 69040?
9
What is the thousands digit of 406923?
6
What is the thousands digit of 1418782?
8
What is the tens digit of 6890423?
2
What is the hundreds digit of 11825?
8
What is the units digit of 1146742?
2
What is the thousands digit of 390964?
0
What is the tens digit of 76758?
5
What is the hundreds digit of 9188450?
4
What is the hundred thousands digit of 1016669?
0
What is the thousands digit of 108655?
8
What is the hundreds digit of 9235506?
5
What is the ten thousands digit of 92473?
9
What is the thousands digit of 617944?
7
What is the tens digit of 387301?
0
What is the tens digit of 520101?
0
What is the units digit of 287065?
5
What is the thousands digit of 224194?
4
What is the ten thousands digit of 30078525?
7
What is the tens digit of 913649?
4
What is the units digit of 6380594?
4
What is the hundreds digit of 5359118?
1
What is the ten thousands digit of 1201417?
0
What is the hundreds digit of 140182?
1
What is the ten thousands digit of 5125134?
2
What is the units digit of 747347?
7
What is the thousands digit of 3676513?
6
What is the ten thousands digit of 7917436?
1
What is the hundreds digit of 27531?
5
What is the ten thousands digit of 307358?
0
What is the hundred thousands digit of 1315322?
3
What is the tens digit of 75675?
7
What is the units digit of 422812?
2
What is the hundreds digit of 250358?
3
What is the units digit of 194592?
2
What is the hundred thousands digit of 542996?
5
What is the tens digit of 75296?
9
What is the hundred thousands digit of 711998?
7
What is the ten thousands digit of 530310?
3
What is the units digit of 23354576?
6
What is the tens digit of 90498?
9
What is the hundred thousands digit of 257238?
2
What is the millions digit of 14617345?
4
What is the hundred thousands digit of 139866?
1
What is the units digit of 579529?
9
What is the ten millions digit of 18185017?
1
What is the thousands digit of 7480526?
0
What is the hundreds digit of 582266?
2
What is the hundred thousands digit of 3871498?
8
What is the hundred thousands digit of 692365?
6
What is the ten thousands digit of 2377092?
7
What is the thousands digit of 409416?
9
What is the hundred thousands digit of 432851?
4
What is the hundreds digit of 465942?
9
What is the hundred thousands digit of 634070?
6
What is the tens digit of 4742321?
2
What is the units digit of 7108051?
1
What is the ten millions digit of 21754795?
2
What is the tens digit of 915212?
1
What is the tens digit of 303900?
0
What is the hundreds digit of 3091430?
4
What is the hundred thousands digit of 1720650?
7
What is the tens digit of 1310449?
4
What is the units digit of 398373?
3
What is the hundreds digit of 12560093?
0
What is the thousands digit of 6672888?
2
What is the ten thousands digit of 1579845?
7
What is the millions digit of 1082525?
1
What is the hundreds digit of 19732229?
2
What is the ten thousands digit of 601567?
0
What is the ten millions digit of 12653489?
1
What is the units digit of 145618?
8
What is the hundreds digit of 281809?
8
What is the thousands digit of 6901?
6
What is the hundred thousands digit of 18247357?
2
What is the tens digit of 277456?
5
What is the ten millions digit of 29246035?
2
What is the hundred thousands digit of 106937?
1
What is the ten thousands digit of 3021878?
2
What is the tens digit of 344463?
6
What is the thousands digit of 258309?
8
What is the tens digit of 13013629?
2
What is the hundreds digit of 3682385?
3
What is the hundred thousands digit of 975713?
9
What is the units digit of 6985480?
0
What is the ten millions digit of 26791833?
2
What is the units digit of 16612?
2
What is the hundreds digit of 198908?
9
What is the hundred thousands digit of 429941?
4
What is the tens digit of 1077162?
6
What is the ten thousands digit of 221470?
2
What is the hundreds digit of 1357109?
1
What is the thousands digit of 549186?
9
What is the hundreds digit of 798929?
9
What is the millions digit of 4365520?
4
What is the thousands digit of 605932?
5
What is the tens digit of 9804656?
5
What is the ten thousands digit of 153098?
5
What is the units digit of 299567?
7
What is the hundred thousands digit of 2449886?
4
What is the units digit of 511059?
9
What is the ten millions digit of 11317174?
1
What is the ten thousands digit of 3129226?
2
What is the ten thousands digit of 4608544?
0
What is the units digit of 739201?
1
What is the hundreds digit of 395164?
1
What is the hundreds digit of 165347?
3
What is the tens digit of 1670058?
5
What is the millions digit of 2117827?
2
What is the hundreds digit of 1093770?
7
What is the hundred thousands digit of 299042?
2
What is the units digit of 6883408?
8
What is the thousands digit of 235325?
5
What is the hundred thousands digit of 1636850?
6
What is the ten thousands digit of 16731864?
3
What is the hundreds digit of 114958?
9
What is the hundreds digit of 180244?
2
What is the thousands digit of 3537002?
7
What is the units digit of 4230361?
1
What is the hundred thousands digit of 2018965?
0
What is the tens digit of 3270105?
0
What is the ten thousands digit of 238491?
3
What is the ten thousands digit of 692668?
9
What is the hundreds digit of 354278?
2
What is the hundred thousands digit of 225859?
2
What is the hundreds digit of 9827837?
8
What is the hundred thousands digit of 256901?
2
What is the thousands digit of 438510?
8
What is the ten thousands digit of 60864?
6
What is the hundreds digit of 161305?
3
What is the thousands digit of 2687378?
7
What is the hundred thousands digit of 18491967?
4
What is the millions digit of 5144336?
5
What is the hundred thousands digit of 17126126?
1
What is the hundreds digit of 7183211?
2
What is the hundred thousands digit of 632925?
6
What is the units digit o